 2076071?
0
What is the thousands digit of 169629?
9
What is the units digit of 515476?
6
What is the ten thousands digit of 3543116?
4
What is the ten thousands digit of 3979244?
7
What is the ten millions digit of 16322008?
1
What is the millions digit of 1243762?
1
What is the millions digit of 5063395?
5
What is the hundreds digit of 3120612?
6
What is the hundred thousands digit of 683373?
6
What is the ten thousands digit of 855434?
5
What is the hundreds digit of 388518?
5
What is the thousands digit of 4606294?
6
What is the ten thousands digit of 58711?
5
What is the units digit of 7326379?
9
What is the millions digit of 1195823?
1
What is the ten thousands digit of 11075089?
7
What is the ten thousands digit of 909714?
0
What is the millions digit of 6464424?
6
What is the hundred thousands digit of 289114?
2
What is the thousands digit of 75098?
5
What is the hundred thousands digit of 8145567?
1
What is the hundreds digit of 1248059?
0
What is the tens digit of 12847300?
0
What is the hundreds digit of 1369224?
2
What is the tens digit of 1469351?
5
What is the millions digit of 2109927?
2
What is the units digit of 1785128?
8
What is the millions digit of 9630307?
9
What is the hundreds digit of 20271788?
7
What is the thousands digit of 3646763?
6
What is the tens digit of 4414233?
3
What is the hundreds digit of 16571358?
3
What is the hundreds digit of 4395297?
2
What is the ten thousands digit of 10790235?
9
What is the units digit of 7425053?
3
What is the thousands digit of 66741?
6
What is the thousands digit of 11530136?
0
What is the hundreds digit of 26579006?
0
What is the tens digit of 671595?
9
What is the hundreds digit of 296092?
0
What is the ten thousands digit of 9326491?
2
What is the hundreds digit of 9231010?
0
What is the hundred thousands digit of 1297751?
2
What is the units digit of 456101?
1
What is the thousands digit of 2352360?
2
What is the tens digit of 1435012?
1
What is the units digit of 10385520?
0
What is the ten thousands digit of 33053?
3
What is the hundred thousands digit of 3480142?
4
What is the units digit of 103706?
6
What is the units digit of 271798?
8
What is the tens digit of 2273435?
3
What is the ten thousands digit of 399724?
9
What is the units digit of 19534?
4
What is the tens digit of 4662566?
6
What is the units digit of 205124?
4
What is the hundreds digit of 13348536?
5
What is the ten thousands digit of 147181?
4
What is the tens digit of 17376?
7
What is the hundreds digit of 118806?
8
What is the thousands digit of 777153?
7
What is the units digit of 38915322?
2
What is the tens digit of 529512?
1
What is the tens digit of 197236?
3
What is the hundreds digit of 6102706?
7
What is the thousands digit of 9032369?
2
What is the thousands digit of 5007704?
7
What is the tens digit of 272837?
3
What is the ten thousands digit of 464849?
6
What is the ten thousands digit of 429624?
2
What is the ten thousands digit of 607597?
0
What is the tens digit of 1053570?
7
What is the hundred thousands digit of 4586717?
5
What is the thousands digit of 22377524?
7
What is the units digit of 10951?
1
What is the tens digit of 1649?
4
What is the thousands digit of 74117?
4
What is the ten thousands digit of 649685?
4
What is the tens digit of 11455469?
6
What is the units digit of 1469238?
8
What is the ten thousands digit of 661712?
6
What is the ten millions digit of 12692317?
1
What is the units digit of 632570?
0
What is the ten thousands digit of 2657351?
5
What is the hundred thousands digit of 378768?
3
What is the ten thousands digit of 6357511?
5
What is the thousands digit of 2393061?
3
What is the ten thousands digit of 170490?
7
What is the ten thousands digit of 1125075?
2
What is the millions digit of 12724396?
2
What is the hundred thousands digit of 2594064?
5
What is the units digit of 636199?
9
What is the ten thousands digit of 1700885?
0
What is the hundreds digit of 14245964?
9
What is the hundred thousands digit of 5992422?
9
What is the ten thousands digit of 111495?
1
What is the units digit of 1081455?
5
What is the ten thousands digit of 199734?
9
What is the hundreds digit of 1847664?
6
What is the units digit of 852343?
3
What is the hundreds digit of 110892?
8
What is the ten thousands digit of 18209403?
0
What is the millions digit of 2752819?
2
What is the ten thousands digit of 218299?
1
What is the tens digit of 214750?
5
What is the hundreds digit of 55033?
0
What is the units digit of 14360?
0
What is the tens digit of 11751708?
0
What is the units digit of 439116?
6
What is the ten thousands digit of 2598114?
9
What is the units digit of 59568?
8
What is the hundred thousands digit of 4393967?
3
What is the units digit of 194291?
1
What is the hundreds digit of 331140?
1
What is the thousands digit of 16516367?
6
What is the thousands digit of 10038?
0
What is the ten thousands digit of 712023?
1
What is the ten thousands digit of 2378844?
7
What is the thousands digit of 431359?
1
What is the hundred thousands digit of 1262797?
2
What is the hundreds digit of 64650?
6
What is the ten thousands digit of 60946?
6
What is the ten thousands digit of 138916?
3
What is the thousands digit of 177493?
7
What is the ten millions digit of 29964157?
2
What is the ten thousands digit of 10662?
1
What is the millions digit of 1090862?
1
What is the hundreds digit of 210180?
1
What is the units digit of 3410316?
6
What is the ten thousands digit of 53222?
5
What is the thousands digit of 1795306?
5
What is the tens digit of 7434626?
2
What is the units digit of 1836417?
7
What is the ten thousands digit of 41181?
4
What is the units digit of 2113188?
8
What is the ten thousands digit of 15601361?
0
What is the ten millions digit of 21952707?
2
What is the units digit of 575899?
9
What is the units digit of 15380413?
3
What is the millions digit of 1145899?
1
What is the hundred thousands digit of 2476770?
4
What is the units digit of 30542632?
2
What is the tens digit of 2342274?
7
What is the ten thousands digit of 2665657?
6
What is the tens digit of 880919?
1
What is the millions digit of 3341515?
3
What is the units digit of 2244939?
9
What is the thousands digit of 282184?
2
What is the tens digit of 110414?
1
What is the hundred thousands digit of 2076830?
0
What is the units digit of 49593?
3
What is the hundred thousands digit of 3131457?
1
What is the tens digit of 773407?
0
What is the hundreds digit of 670194?
1
What is the ten thousands digit of 570125?
7
What is the units digit of 214721?
1
What is the ten thousands digit of 598291?
9
What is the thousands digit of 2871372?
1
What is the tens digit of 22123753?
5
What is the tens digit of 1462960?
6
What is the thousands digit of 813488?
3
What is the tens digit of 390595?
9
What is the hundreds digit of 308710?
7
What is the millions digit of 1458286?
1
What is the hundreds digit of 3581470?
4
What is the ten thousands digit of 524799?
2
What is the millions digit of 5579923?
5
What is the thousands digit of 134561?
4
What is the ten thousands digit of 677593?
7
What is the thousands digit of 7680546?
0
What is the millions digit of 2606789?
2
What is the units digit of 2829342?
2
What is the tens digit of 161389?
8
What is the hundreds digit of 344842?
8
What is the hundred thousands digit of 127380?
1
What is the tens digit of 253078?
7
What is the thousands digit of 38928753?
8
What is the units digit of 1131499?
9
What is the ten thousands digit of 20112945?
1
What is the hundreds digit of 7463042?
0
What is the thousands digit of 8536321?
6
What is the tens digit of 5164564?
6
What is the units digit of 959364?
4
What is the units digit of 4555903?
3
What is the ten thousands digit of 231439?
3
What is the hundred thousands digit of 378606?
3
What is the thousands digit of 2014487?
4
What is the units digit of 1154297?
7
What is the units digit of 223544?
4
What is the hundreds digit of 178405?
4
What is the thousands digit of 367161?
7
What is the thousands digit of 4213061?
3
What is the hundreds digit of 10108655?
6
What is the units digit of 2768092?
2
What is the ten thousands digit of 253284?
5
What is the tens digit of 252574?
7
What is the tens digit of 365655?
5
What is the thou